{"id":11968,"date":"2023-10-10T13:46:48","date_gmt":"2023-10-10T10:46:48","guid":{"rendered":"https:\/\/umram.bilkent.edu.tr\/?page_id=11968"},"modified":"2023-10-10T15:24:56","modified_gmt":"2023-10-10T12:24:56","slug":"mr-guvenligi-ve-kullanici-egitimi","status":"publish","type":"page","link":"https:\/\/umram.bilkent.edu.tr\/index.php\/tr\/mr-guvenligi-ve-kullanici-egitimi\/","title":{"rendered":"Mr G\u00fcvenli\u011fi ve Kullan\u0131c\u0131 E\u011fitimi"},"content":{"rendered":"<p><a href=\"https:\/\/umram.bilkent.edu.tr\/wp-content\/uploads\/2023\/10\/MR-Kullanici-Egitimi_03.02.2023.pdf\">MR Kullan\u0131c\u0131 E\u011fitimi_03.02.2023<\/a><\/p>\n<p><a href=\"https:\/\/umram.bilkent.edu.tr\/wp-content\/uploads\/2023\/10\/MR_safety_UMRAM.docx\">MR_g\u00fcvenlik_UMRAM<\/a><\/p>\n<p><a href=\"https:\/\/umram.bilkent.edu.tr\/wp-content\/uploads\/2023\/10\/umram-ilkyardim.pdf\">umram \u0130lkyard\u0131m<\/a><\/p>\n<p><a href=\"https:\/\/umram.bilkent.edu.tr\/wp-content\/uploads\/2023\/10\/MR_safety.pdf\">MR_g\u00fcvenlik<\/a><\/p>\n<p><a href=\"https:\/\/umram.bilkent.edu.tr\/wp-content\/uploads\/2023\/10\/UMRAM3TMRG_kullanici_formu.docx\">UMRAM3TMRG_kullanici_formu<\/a><\/p>\n","protected":false},"excerpt":{"rendered":"<p>MR Kullan\u0131c\u0131 E\u011fitimi_03.02.2023 MR_g\u00fcvenlik_UMRAM umram \u0130lkyard\u0131m MR_g\u00fcvenlik UMRAM3TMRG_kullanici_formu<\/p>\n","protected":false},"author":7,"featured_media":0,"parent":0,"menu_order":0,"comment_status":"closed","ping_status":"closed","template":"","meta":[],"_links":{"self":[{"href":"https:\/\/umram.bilkent.edu.tr\/index.php\/wp-json\/wp\/v2\/pages\/11968"}],"collection":[{"href":"https:\/\/umram.bilkent.edu.tr\/index.php\/wp-json\/wp\/v2\/pages"}],"about":[{"href":"https:\/\/umram.bilkent.edu.tr\/index.php\/wp-json\/wp\/v2\/types\/page"}],"author":[{"embeddable":true,"href":"https:\/\/umram.bilkent.edu.tr\/index.php\/wp-json\/wp\/v2\/users\/7"}],"replies":[{"embeddable":true,"href":"https:\/\/umram.bilkent.edu.tr\/index.php\/wp-json\/wp\/v2\/comments?post=11968"}],"version-history":[{"count":3,"href":"https:\/\/umram.bilkent.edu.tr\/index.php\/wp-json\/wp\/v2\/pages\/11968\/revisions"}],"predecessor-version":[{"id":12007,"href":"https:\/\/umram.bilkent.edu.tr\/index.php\/wp-json\/wp\/v2\/pages\/11968\/revisions\/12007"}],"wp:attachment":[{"href":"https:\/\/umram.bilkent.edu.tr\/index.php\/wp-json\/wp\/v2\/media?parent=11968"}],"curies":[{"name":"wp","href":"https:\/\/api.w.org\/{rel}","templated":true}]}}