{"id":2509,"date":"2018-09-03T11:54:36","date_gmt":"2018-09-03T11:54:36","guid":{"rendered":"https:\/\/umram.bilkent.edu.tr\/?page_id=2509"},"modified":"2024-01-10T16:10:05","modified_gmt":"2024-01-10T13:10:05","slug":"research-fellows","status":"publish","type":"page","link":"https:\/\/umram.bilkent.edu.tr\/index.php\/research-fellows\/","title":{"rendered":"Research Fellows"},"content":{"rendered":"<section class=\"kc-elm kc-css-119257 kc_row\"><div class=\"kc-row-container  kc-container\"><div class=\"kc-wrap-columns\"><div class=\"kc-elm kc-css-64674 kc_col-sm-12 kc_column kc_col-sm-12\"><div class=\"kc-col-container\">\n<div class=\"kc-elm kc-css-338224 kc-title-wrap \">\n\n\t<h1 class=\"kc_title\">Research Scientists<\/h1>\n<\/div>\n<div class=\"col-sm-6 col-md-3\">\n                    <div class=\"profile-card profile-card-meta_classic kc-elm kc-css-393508\">\n                        <figure>\n                             <img src=\"https:\/\/umram.bilkent.edu.tr\/wp-content\/uploads\/2024\/01\/saban.jpg\" class=\"img-responsive\" alt=\"\" loading=\"lazy\" \/>\n                            <figcaption><a href=\"https:\/\/umram.bilkent.edu.tr\/index.php\/teams\/saban-ozturk\/\"><h3 class=\"fig-title\">Saban Ozturk<\/h3><\/a><div class=\"fig-title-des\">&#9726; Research Scientist at UMRAM <br>\r\n<br> <\/div><div class=\"fig-meta\"><\/div>\n                            <\/figcaption>\n                        <\/figure><\/div>\n                <\/div>\n<div class=\"kc-elm kc-css-526727 kc-title-wrap \">\n\n\t<h1 class=\"kc_title\">Postdocs<\/h1>\n<\/div>\n<div class=\"col-sm-6 col-md-3\">\n                    <div class=\"profile-card profile-card-meta_classic kc-elm kc-css-447795\">\n                        <figure>\n                             <img src=\"https:\/\/umram.bilkent.edu.tr\/wp-content\/uploads\/2021\/03\/eyma_photo-e1615203116514.jpg\" class=\"img-responsive\" alt=\"\" loading=\"lazy\" \/>\n                            <figcaption><a href=\"https:\/\/umram.bilkent.edu.tr\/index.php\/teams\/seyma-koc-yilmaz-3\/\"><h3 class=\"fig-title\">\u015eeyma Ko\u00e7 Y\u0131lmaz<\/h3><\/a><div class=\"fig-title-des\">Advisor: <a href=\"https:\/\/umram.bilkent.edu.tr\/index.php\/teams\/hulusi-kafaligonul\/\">Hulusi Kafal\u0131g\u00f6n\u00fcl<\/a><\/div><div class=\"fig-meta\"><\/div>\n                            <\/figcaption>\n                        <\/figure><\/div>\n                <\/div><div class=\"col-sm-6 col-md-3\">\n                    <div class=\"profile-card profile-card-meta_classic kc-elm kc-css-447795\">\n                        <figure>\n                             <img src=\"https:\/\/umram.bilkent.edu.tr\/wp-content\/uploads\/2023\/12\/SadeqAlSharafi-edited-e1701429572505.jpeg\" class=\"img-responsive\" alt=\"\" loading=\"lazy\" \/>\n                            <figcaption><a href=\"https:\/\/umram.bilkent.edu.tr\/index.php\/teams\/sadeq-alsharafi\/\"><h3 class=\"fig-title\">Sadeq AlSharafi<\/h3><\/a><div class=\"fig-title-des\">Advisor: <a href=\"https:\/\/umram.bilkent.edu.tr\/index.php\/teams\/ergin-atalar\/\">Ergin Atalar<\/a>\r\n<\/div><div class=\"fig-meta\"><\/div>\n                            <\/figcaption>\n                        <\/figure><\/div>\n                <\/div><div class=\"team-clearfix\"><\/div><div class=\"col-sm-6 col-md-3\">\n                    <div class=\"profile-card profile-card-meta_classic kc-elm kc-css-447795\">\n                        <figure>\n                             <img src=\"https:\/\/umram.bilkent.edu.tr\/wp-content\/uploads\/2023\/12\/Merve-Begum-Terzi-e1737528609990.png\" class=\"img-responsive\" alt=\"\" loading=\"lazy\" \/>\n                            <figcaption><a href=\"https:\/\/umram.bilkent.edu.tr\/index.php\/teams\/merve-begum-terzi\/\"><h3 class=\"fig-title\">Merve Beg\u00fcm Terzi<\/h3><\/a><div class=\"fig-title-des\">Advisor: <a href=\"https:\/\/umram.bilkent.edu.tr\/index.php\/teams\/ergin-atalar\/\">Emine \u00dclk\u00fc Sar\u0131ta\u015f<\/a>\r\n<\/div><div class=\"fig-meta\"><\/div>\n                            <\/figcaption>\n                        <\/figure><\/div>\n                <\/div><div class=\"col-sm-6 col-md-3\">\n                    <div class=\"profile-card profile-card-meta_classic kc-elm kc-css-447795\">\n                        <figure>\n                             <img src=\"https:\/\/umram.bilkent.edu.tr\/wp-content\/uploads\/2023\/12\/mohini-verma-e1701431283460.jpg\" class=\"img-responsive\" alt=\"\" loading=\"lazy\" \/>\n                            <figcaption><a href=\"https:\/\/umram.bilkent.edu.tr\/index.php\/teams\/mohini-verma\/\"><h3 class=\"fig-title\">Mohini Verma<\/h3><\/a><div class=\"fig-title-des\">Advisor: <a href=\"https:\/\/umram.bilkent.edu.tr\/index.php\/sciencex_teams\/Timothea-Toulopoulou\/\">Timothea Toulopoulou<\/a>\r\n<\/div><div class=\"fig-meta\"><\/div>\n                            <\/figcaption>\n                        <\/figure><\/div>\n                <\/div><div class=\"team-clearfix\"><\/div><div class=\"col-sm-6 col-md-3\">\n                    <div class=\"profile-card profile-card-meta_classic kc-elm kc-css-447795\">\n                        <figure>\n                             <img src=\"https:\/\/umram.bilkent.edu.tr\/wp-content\/uploads\/2025\/12\/Mais-e1765370177558.jpeg\" class=\"img-responsive\" alt=\"\" loading=\"lazy\" \/>\n                            <figcaption><a href=\"https:\/\/umram.bilkent.edu.tr\/index.php\/teams\/mais-tattan\/\"><h3 class=\"fig-title\">Mais Tattan<\/h3><\/a><div class=\"fig-title-des\">Advisor: <a href=\"https:\/\/umram.bilkent.edu.tr\/index.php\/sciencex_teams\/Timothea-Toulopoulou\/\">Timothea Toulopoulou<\/a><\/div><div class=\"fig-meta\"><\/div>\n                            <\/figcaption>\n                        <\/figure><\/div>\n                <\/div><\/div><\/div><\/div><\/div><\/section>\n","protected":false},"excerpt":{"rendered":"","protected":false},"author":1,"featured_media":1910,"parent":0,"menu_order":0,"comment_status":"closed","ping_status":"closed","template":"","meta":[],"_links":{"self":[{"href":"https:\/\/umram.bilkent.edu.tr\/index.php\/wp-json\/wp\/v2\/pages\/2509"}],"collection":[{"href":"https:\/\/umram.bilkent.edu.tr\/index.php\/wp-json\/wp\/v2\/pages"}],"about":[{"href":"https:\/\/umram.bilkent.edu.tr\/index.php\/wp-json\/wp\/v2\/types\/page"}],"author":[{"embeddable":true,"href":"https:\/\/umram.bilkent.edu.tr\/index.php\/wp-json\/wp\/v2\/users\/1"}],"replies":[{"embeddable":true,"href":"https:\/\/umram.bilkent.edu.tr\/index.php\/wp-json\/wp\/v2\/comments?post=2509"}],"version-history":[{"count":5,"href":"https:\/\/umram.bilkent.edu.tr\/index.php\/wp-json\/wp\/v2\/pages\/2509\/revisions"}],"predecessor-version":[{"id":12231,"href":"https:\/\/umram.bilkent.edu.tr\/index.php\/wp-json\/wp\/v2\/pages\/2509\/revisions\/12231"}],"wp:featuredmedia":[{"embeddable":true,"href":"https:\/\/umram.bilkent.edu.tr\/index.php\/wp-json\/wp\/v2\/media\/1910"}],"wp:attachment":[{"href":"https:\/\/umram.bilkent.edu.tr\/index.php\/wp-json\/wp\/v2\/media?parent=2509"}],"curies":[{"name":"wp","href":"https:\/\/api.w.org\/{rel}","templated":true}]}}