{"id":3375,"date":"2018-09-11T15:34:23","date_gmt":"2018-09-11T12:34:23","guid":{"rendered":"https:\/\/umram.bilkent.edu.tr\/?page_id=3375"},"modified":"2018-09-11T15:34:23","modified_gmt":"2018-09-11T12:34:23","slug":"yukseklisans-ogrencileri","status":"publish","type":"page","link":"https:\/\/umram.bilkent.edu.tr\/index.php\/tr\/yukseklisans-ogrencileri\/","title":{"rendered":"Y\u00fckseklisans \u00d6\u011frencileri"},"content":{"rendered":"<section class=\"kc-elm kc-css-999312 kc_row\"><div class=\"kc-row-container  kc-container\"><div class=\"kc-wrap-columns\"><div class=\"kc-elm kc-css-719826 kc_col-sm-12 kc_column kc_col-sm-12\"><div class=\"kc-col-container\"><div class=\"col-sm-6 col-md-3\">\n                    <div class=\"profile-card profile-card-meta_classic kc-elm kc-css-800466\">\n                        <figure>\n                             <img src=\"https:\/\/umram.bilkent.edu.tr\/wp-content\/uploads\/2021\/09\/Eltas_photo-scaled-e1739512186436.jpeg\" class=\"img-responsive\" alt=\"\" loading=\"lazy\" \/>\n                            <figcaption><a href=\"https:\/\/umram.bilkent.edu.tr\/index.php\/teams\/zelal-eltas\/\"><h3 class=\"fig-title\">Zelal Elta\u015f<\/h3><\/a><div class=\"fig-title-des\">Advisor: <a href=\"https:\/\/umram.bilkent.edu.tr\/index.php\/teams\/burcu-aysen-urgen\/\">Burcu Ay\u015fen \u00dcrgen<\/a><\/div><div class=\"fig-meta\"><\/div>\n                            <\/figcaption>\n                        <\/figure><\/div>\n                <\/div><div class=\"col-sm-6 col-md-3\">\n                    <div class=\"profile-card profile-card-meta_classic kc-elm kc-css-800466\">\n                        <figure>\n                             <img src=\"https:\/\/umram.bilkent.edu.tr\/wp-content\/uploads\/2023\/12\/sevil-dilge-gulsun-e1701434085604.jpg\" class=\"img-responsive\" alt=\"\" loading=\"lazy\" \/>\n                            <figcaption><a href=\"https:\/\/umram.bilkent.edu.tr\/index.php\/teams\/sevil-dilge-gulsun\/\"><h3 class=\"fig-title\">Sevil Dilge G\u00fcls\u00fcn<\/h3><\/a><div class=\"fig-title-des\">Advisor: <a href=\"https:\/\/umram.bilkent.edu.tr\/index.php\/teams\/emine-ulku-saritas\/\">Emine \u00dclk\u00fc Sar\u0131ta\u015f<\/a>\r\n<\/div><div class=\"fig-meta\"><\/div>\n                            <\/figcaption>\n                        <\/figure><\/div>\n                <\/div><div class=\"team-clearfix\"><\/div><div class=\"col-sm-6 col-md-3\">\n                    <div class=\"profile-card profile-card-meta_classic kc-elm kc-css-800466\">\n                        <figure>\n                             <img src=\"https:\/\/umram.bilkent.edu.tr\/wp-content\/uploads\/2023\/12\/ZEYNEP-ORTAHUNER-visa-e1701434150775.jpg\" class=\"img-responsive\" alt=\"\" loading=\"lazy\" \/>\n                            <figcaption><a href=\"https:\/\/umram.bilkent.edu.tr\/index.php\/teams\/zeynep-ortahuner\/\"><h3 class=\"fig-title\">Zeynep Ortah\u00fcner<\/h3><\/a><div class=\"fig-title-des\">Advisor: <a href=\"https:\/\/umram.bilkent.edu.tr\/index.php\/teams\/emine-ulku-saritas\/\">Emine \u00dclk\u00fc Sar\u0131ta\u015f<\/a>\r\n<\/div><div class=\"fig-meta\"><\/div>\n                            <\/figcaption>\n                        <\/figure><\/div>\n                <\/div><div class=\"col-sm-6 col-md-3\">\n                    <div class=\"profile-card profile-card-meta_classic kc-elm kc-css-800466\">\n                        <figure>\n                             <img src=\"https:\/\/umram.bilkent.edu.tr\/wp-content\/uploads\/2023\/12\/sumeyye-ozturk-e1701434365577.jpg\" class=\"img-responsive\" alt=\"\" loading=\"lazy\" \/>\n                            <figcaption><a href=\"https:\/\/umram.bilkent.edu.tr\/index.php\/teams\/sumeyye-ozturk\/\"><h3 class=\"fig-title\">S\u00fcmeyye \u00d6zt\u00fcrk<\/h3><\/a><div class=\"fig-title-des\">Advisor: <a href=\"https:\/\/umram.bilkent.edu.tr\/index.php\/sciencex_teams\/ausaf-ahmed-farooqui\/\">Ausaf Farooqui<\/a>\r\n<\/div><div class=\"fig-meta\"><\/div>\n                            <\/figcaption>\n                        <\/figure><\/div>\n                <\/div><div class=\"team-clearfix\"><\/div><div class=\"col-sm-6 col-md-3\">\n                    <div class=\"profile-card profile-card-meta_classic kc-elm kc-css-800466\">\n                        <figure>\n                             <img src=\"https:\/\/umram.bilkent.edu.tr\/wp-content\/uploads\/2023\/12\/ecem-simsek.jpg\" class=\"img-responsive\" alt=\"\" loading=\"lazy\" \/>\n                            <figcaption><a href=\"https:\/\/umram.bilkent.edu.tr\/index.php\/teams\/ecem-simsek-2\/\"><h3 class=\"fig-title\">Ecem \u015eim\u015fek<\/h3><\/a><div class=\"fig-title-des\">Advisor: <a href=\"https:\/\/umram.bilkent.edu.tr\/index.php\/teams\/aykut-koc\/\">Aykut Ko\u00e7<\/a><\/div><div class=\"fig-meta\"><\/div>\n                            <\/figcaption>\n                        <\/figure><\/div>\n                <\/div><div class=\"col-sm-6 col-md-3\">\n                    <div class=\"profile-card profile-card-meta_classic kc-elm kc-css-800466\">\n                        <figure>\n                             <img src=\"https:\/\/umram.bilkent.edu.tr\/wp-content\/uploads\/2025\/01\/WhatsApp-Image-2024-10-23-at-12.27.01-2-e1737361870597.jpeg\" class=\"img-responsive\" alt=\"\" loading=\"lazy\" \/>\n                            <figcaption><a href=\"https:\/\/umram.bilkent.edu.tr\/index.php\/teams\/zeynep-eryigit\/\"><h3 class=\"fig-title\">Zeynep Er\u00e7etin<\/h3><\/a><div class=\"fig-title-des\">Advisor: <a href=\"https:\/\/umram.bilkent.edu.tr\/index.php\/teams\/huseyin-boyaci\/\">H\u00fcseyin Boyac\u0131<\/a><\/div><div class=\"fig-meta\"><\/div>\n                            <\/figcaption>\n                        <\/figure><\/div>\n                <\/div><div class=\"team-clearfix\"><\/div><div class=\"col-sm-6 col-md-3\">\n                    <div class=\"profile-card profile-card-meta_classic kc-elm kc-css-800466\">\n                        <figure>\n                             <img src=\"https:\/\/umram.bilkent.edu.tr\/wp-content\/uploads\/2025\/02\/image-2-e1739429862957.jpg\" class=\"img-responsive\" alt=\"\" loading=\"lazy\" \/>\n                            <figcaption><a href=\"https:\/\/umram.bilkent.edu.tr\/index.php\/teams\/sena-dedeoglu\/\"><h3 class=\"fig-title\">Sena Dedeo\u011flu<\/h3><\/a><div class=\"fig-title-des\">Advisor: <a href=\"https:\/\/umram.bilkent.edu.tr\/index.php\/teams\/huseyin-boyaci\/\">H\u00fcseyin Boyac\u0131<\/a><\/div><div class=\"fig-meta\"><\/div>\n                            <\/figcaption>\n                        <\/figure><\/div>\n                <\/div><div class=\"col-sm-6 col-md-3\">\n                    <div class=\"profile-card profile-card-meta_classic kc-elm kc-css-800466\">\n                        <figure>\n                             <img src=\"https:\/\/umram.bilkent.edu.tr\/wp-content\/uploads\/2025\/02\/mail-1-e1739452928490.jpg\" class=\"img-responsive\" alt=\"\" loading=\"lazy\" \/>\n                            <figcaption><a href=\"https:\/\/umram.bilkent.edu.tr\/index.php\/teams\/ayaz-karadag\/\"><h3 class=\"fig-title\">Ayaz Karada\u011f<\/h3><\/a><div class=\"fig-title-des\">Advisor: <a href=\"https:\/\/umram.bilkent.edu.tr\/index.php\/teams\/burcu-aysen-urgen\/\">Burcu Ay\u015fen \u00dcrgen<\/a><\/div><div class=\"fig-meta\"><\/div>\n                            <\/figcaption>\n                        <\/figure><\/div>\n                <\/div><div class=\"team-clearfix\"><\/div><div class=\"col-sm-6 col-md-3\">\n                    <div class=\"profile-card profile-card-meta_classic kc-elm kc-css-800466\">\n                        <figure>\n                             <img src=\"https:\/\/umram.bilkent.edu.tr\/wp-content\/uploads\/2025\/02\/Foto-e1739513332747.jpg\" class=\"img-responsive\" alt=\"\" loading=\"lazy\" \/>\n                            <figcaption><a href=\"https:\/\/umram.bilkent.edu.tr\/index.php\/teams\/ahmet-cihan-uzun\/\"><h3 class=\"fig-title\">Ahmet Cihan Uzun<\/h3><\/a><div class=\"fig-title-des\">Advisor: <a href=\"https:\/\/umram.bilkent.edu.tr\/index.php\/sciencex_teams\/ausaf-ahmed-farooqui\/\">Ausaf Farooqui<\/a><\/div><div class=\"fig-meta\"><\/div>\n                            <\/figcaption>\n                        <\/figure><\/div>\n                <\/div><div class=\"col-sm-6 col-md-3\">\n                    <div class=\"profile-card profile-card-meta_classic kc-elm kc-css-800466\">\n                        <figure>\n                             <img src=\"https:\/\/umram.bilkent.edu.tr\/wp-content\/uploads\/2023\/12\/sefa-karaca-e1701436013313.jpg\" class=\"img-responsive\" alt=\"\" loading=\"lazy\" \/>\n                            <figcaption><a href=\"https:\/\/umram.bilkent.edu.tr\/index.php\/teams\/sefa-karaca\/\"><h3 class=\"fig-title\">Sefa Karaca<\/h3><\/a><div class=\"fig-title-des\">Advisor: <a href=\"https:\/\/umram.bilkent.edu.tr\/index.php\/sciencex_teams\/Timothea-Toulopoulou\/\">Emine \u00dclk\u00fc Sar\u0131ta\u015f<\/a><\/div><div class=\"fig-meta\"><\/div>\n                            <\/figcaption>\n                        <\/figure><\/div>\n                <\/div><div class=\"team-clearfix\"><\/div><div class=\"col-sm-6 col-md-3\">\n                    <div class=\"profile-card profile-card-meta_classic kc-elm kc-css-800466\">\n                        <figure>\n                             <img src=\"https:\/\/umram.bilkent.edu.tr\/wp-content\/uploads\/2025\/02\/tuna_ozates-e1739515830713.jpg\" class=\"img-responsive\" alt=\"\" loading=\"lazy\" \/>\n                            <figcaption><a href=\"https:\/\/umram.bilkent.edu.tr\/index.php\/teams\/tuna-ozates\/\"><h3 class=\"fig-title\">Tuna \u00d6zate\u015f<\/h3><\/a><div class=\"fig-title-des\">Advisor: <a href=\"https:\/\/umram.bilkent.edu.tr\/index.php\/teams\/aykut-koc\/\">Aykut Ko\u00e7<\/a><\/div><div class=\"fig-meta\"><\/div>\n                            <\/figcaption>\n                        <\/figure><\/div>\n                <\/div><div class=\"col-sm-6 col-md-3\">\n                    <div class=\"profile-card profile-card-meta_classic kc-elm kc-css-800466\">\n                        <figure>\n                             <img src=\"https:\/\/umram.bilkent.edu.tr\/wp-content\/uploads\/2025\/02\/Elif_Yali_VSK_edited-1-e1739773024375.jpg\" class=\"img-responsive\" alt=\"\" loading=\"lazy\" \/>\n                            <figcaption><a href=\"https:\/\/umram.bilkent.edu.tr\/index.php\/teams\/elif-yali\/\"><h3 class=\"fig-title\">Elif Yal\u0131<\/h3><\/a><div class=\"fig-title-des\">Advisor: <a href=\"https:\/\/umram.bilkent.edu.tr\/index.php\/sciencex_teams\/Timothea-Toulopoulou\/\">Emine \u00dclk\u00fc Sar\u0131ta\u015f<\/a><\/div><div class=\"fig-meta\"><\/div>\n                            <\/figcaption>\n                        <\/figure><\/div>\n                <\/div><div class=\"team-clearfix\"><\/div><div class=\"col-sm-6 col-md-3\">\n                    <div class=\"profile-card profile-card-meta_classic kc-elm kc-css-800466\">\n                        <figure>\n                             <img src=\"https:\/\/umram.bilkent.edu.tr\/wp-content\/uploads\/2025\/03\/HASAN-KAYAPINAR-DIJ-e1742216152815.jpg\" class=\"img-responsive\" alt=\"\" loading=\"lazy\" \/>\n                            <figcaption><a href=\"https:\/\/umram.bilkent.edu.tr\/index.php\/teams\/muhammed-hasan-kayapinar\/\"><h3 class=\"fig-title\">Muhammed Kayap\u0131nar<\/h3><\/a><div class=\"fig-title-des\">Advisor: <a href=\"https:\/\/umram.bilkent.edu.tr\/index.php\/teams\/emine-ulku-saritas\/\">Emine \u00dclk\u00fc Sar\u0131ta\u015f<\/a><\/div><div class=\"fig-meta\"><\/div>\n                            <\/figcaption>\n                        <\/figure><\/div>\n                <\/div><div class=\"col-sm-6 col-md-3\">\n                    <div class=\"profile-card profile-card-meta_classic kc-elm kc-css-800466\">\n                        <figure>\n                             <img src=\"https:\/\/umram.bilkent.edu.tr\/wp-content\/uploads\/2025\/10\/1757759877686-e1760091686942.jpg\" class=\"img-responsive\" alt=\"\" loading=\"lazy\" \/>\n                            <figcaption><a href=\"https:\/\/umram.bilkent.edu.tr\/index.php\/teams\/beyazid-bestami-acar\/\"><h3 class=\"fig-title\">Beyaz\u0131d Bestami Acar<\/h3><\/a><div class=\"fig-title-des\">Advisor: <a href=\"https:\/\/umram.bilkent.edu.tr\/index.php\/sciencex_teams\/ronny-rosner\/\">Ronny Rosner<\/a><\/div><div class=\"fig-meta\"><\/div>\n                            <\/figcaption>\n                        <\/figure><\/div>\n                <\/div><div class=\"team-clearfix\"><\/div><div class=\"col-sm-6 col-md-3\">\n                    <div class=\"profile-card profile-card-meta_classic kc-elm kc-css-800466\">\n                        <figure>\n                             <img src=\"https:\/\/umram.bilkent.edu.tr\/wp-content\/uploads\/2025\/10\/Parsa-Image-e1761204484572.jpg\" class=\"img-responsive\" alt=\"\" loading=\"lazy\" \/>\n                            <figcaption><a href=\"https:\/\/umram.bilkent.edu.tr\/index.php\/teams\/parsa-mohammadi\/\"><h3 class=\"fig-title\">Parsa Mohammadi<\/h3><\/a><div class=\"fig-title-des\">Advisor: <a href=\"https:\/\/umram.bilkent.edu.tr\/index.php\/sciencex_teams\/tolga-cukur\/\">Tolga \u00c7ukur<\/a>\r\n<\/div><div class=\"fig-meta\"><\/div>\n                            <\/figcaption>\n                        <\/figure><\/div>\n                <\/div><div class=\"col-sm-6 col-md-3\">\n                    <div class=\"profile-card profile-card-meta_classic kc-elm kc-css-800466\">\n                        <figure>\n                             <img src=\"https:\/\/umram.bilkent.edu.tr\/wp-content\/uploads\/2025\/10\/kiyma_vesikalik-e1761205497867.jpg\" class=\"img-responsive\" alt=\"\" loading=\"lazy\" \/>\n                            <figcaption><a href=\"https:\/\/umram.bilkent.edu.tr\/index.php\/teams\/sumeyye-sena-kiyma\/\"><h3 class=\"fig-title\">S\u00fcmeyye Sena K\u0131yma<\/h3><\/a><div class=\"fig-title-des\">Advisor: <a href=\"https:\/\/umram.bilkent.edu.tr\/index.php\/teams\/emine-ulku-saritas\/\">Emine \u00dclk\u00fc Sar\u0131ta\u015f<\/a><\/div><div class=\"fig-meta\"><\/div>\n                            <\/figcaption>\n                        <\/figure><\/div>\n                <\/div><div class=\"team-clearfix\"><\/div><div class=\"col-sm-6 col-md-3\">\n                    <div class=\"profile-card profile-card-meta_classic kc-elm kc-css-800466\">\n                        <figure>\n                             <img src=\"https:\/\/umram.bilkent.edu.tr\/wp-content\/uploads\/2025\/10\/WhatsApp-Image-2025-09-18-at-11.44.18_8765abad-e1761215648909.jpg\" class=\"img-responsive\" alt=\"\" loading=\"lazy\" \/>\n                            <figcaption><a href=\"https:\/\/umram.bilkent.edu.tr\/index.php\/teams\/furkan-kahraman\/\"><h3 class=\"fig-title\">Furkan Kahraman<\/h3><\/a><div class=\"fig-title-des\">Advisor: <a href=\"https:\/\/umram.bilkent.edu.tr\/index.php\/teams\/emine-ulku-saritas\/\">Emine \u00dclk\u00fc Sar\u0131ta\u015f<\/a><\/div><div class=\"fig-meta\"><\/div>\n                            <\/figcaption>\n                        <\/figure><\/div>\n                <\/div><div class=\"col-sm-6 col-md-3\">\n                    <div class=\"profile-card profile-card-meta_classic kc-elm kc-css-800466\">\n                        <figure>\n                             <img src=\"https:\/\/umram.bilkent.edu.tr\/wp-content\/uploads\/2025\/10\/face-e1761216285110.jpeg\" class=\"img-responsive\" alt=\"\" loading=\"lazy\" \/>\n                            <figcaption><a href=\"https:\/\/umram.bilkent.edu.tr\/index.php\/teams\/ulas-dilek\/\"><h3 class=\"fig-title\">Ula\u015f Dilek<\/h3><\/a><div class=\"fig-title-des\">Advisor: <a href=\"https:\/\/umram.bilkent.edu.tr\/index.php\/teams\/burcu-aysen-urgen\/\">Burcu Ay\u015fen \u00dcrgen<\/a><\/div><div class=\"fig-meta\"><\/div>\n                            <\/figcaption>\n                        <\/figure><\/div>\n                <\/div><div class=\"team-clearfix\"><\/div><div class=\"col-sm-6 col-md-3\">\n                    <div class=\"profile-card profile-card-meta_classic kc-elm kc-css-800466\">\n                        <figure>\n                             <img src=\"https:\/\/umram.bilkent.edu.tr\/wp-content\/uploads\/2025\/10\/suheyla.aydemir.vesikalik-e1761216621583.jpeg\" class=\"img-responsive\" alt=\"\" loading=\"lazy\" \/>\n                            <figcaption><a href=\"https:\/\/umram.bilkent.edu.tr\/index.php\/teams\/suheyla-aydemir\/\"><h3 class=\"fig-title\">S\u00fcheyla Aydemir<\/h3><\/a><div class=\"fig-title-des\">Advisor: <a href=\"https:\/\/umram.bilkent.edu.tr\/index.php\/teams\/huseyin-boyaci\/\">H\u00fcseyin Boyac\u0131<\/a><\/div><div class=\"fig-meta\"><\/div>\n                            <\/figcaption>\n                        <\/figure><\/div>\n                <\/div><div class=\"col-sm-6 col-md-3\">\n                    <div class=\"profile-card profile-card-meta_classic kc-elm kc-css-800466\">\n                        <figure>\n                             <img src=\"https:\/\/umram.bilkent.edu.tr\/wp-content\/uploads\/2025\/10\/Screenshot_2-e1763622490200.jpg\" class=\"img-responsive\" alt=\"\" loading=\"lazy\" \/>\n                            <figcaption><a href=\"https:\/\/umram.bilkent.edu.tr\/index.php\/teams\/irem-sisman\/\"><h3 class=\"fig-title\">\u0130rem \u015ei\u015fman<\/h3><\/a><div class=\"fig-title-des\">Advisor: <a href=\"https:\/\/umram.bilkent.edu.tr\/index.php\/teams\/huseyin-boyaci\/\">H\u00fcseyin Boyac\u0131<\/a><\/div><div class=\"fig-meta\"><\/div>\n                            <\/figcaption>\n                        <\/figure><\/div>\n                <\/div><div class=\"team-clearfix\"><\/div><div class=\"col-sm-6 col-md-3\">\n                    <div class=\"profile-card profile-card-meta_classic kc-elm kc-css-800466\">\n                        <figure>\n                             <img src=\"https:\/\/umram.bilkent.edu.tr\/wp-content\/uploads\/2025\/12\/OKAN-ECERAL--e1765804970562.jpeg\" class=\"img-responsive\" alt=\"\" loading=\"lazy\" \/>\n                            <figcaption><a href=\"https:\/\/umram.bilkent.edu.tr\/index.php\/teams\/okan-eceral\/\"><h3 class=\"fig-title\">Okan Eceral<\/h3><\/a><div class=\"fig-title-des\">Advisor: <a href=\"https:\/\/umram.bilkent.edu.tr\/index.php\/teams\/emine-ulku-saritas\/\">Emine \u00dclk\u00fc Sar\u0131ta\u015f<\/a><\/div><div class=\"fig-meta\"><\/div>\n                            <\/figcaption>\n                        <\/figure><\/div>\n                <\/div><div class=\"col-sm-6 col-md-3\">\n                    <div class=\"profile-card profile-card-meta_classic kc-elm kc-css-800466\">\n                        <figure>\n                             <img src=\"https:\/\/umram.bilkent.edu.tr\/wp-content\/uploads\/2026\/03\/Image-01-e1774954584812.jpeg\" class=\"img-responsive\" alt=\"\" loading=\"lazy\" \/>\n                            <figcaption><a href=\"https:\/\/umram.bilkent.edu.tr\/index.php\/teams\/ilayda-selcuk\/\"><h3 class=\"fig-title\">\u0130layda Sel\u00e7uk<\/h3><\/a><div class=\"fig-title-des\">Advisor: <a href=\"https:\/\/umram.bilkent.edu.tr\/index.php\/sciencex_teams\/ronny-rosner\/\">Ronny Rosner<\/a><\/div><div class=\"fig-meta\"><\/div>\n                            <\/figcaption>\n                        <\/figure><\/div>\n                <\/div><div class=\"team-clearfix\"><\/div><div class=\"col-sm-6 col-md-3\">\n                    <div class=\"profile-card profile-card-meta_classic kc-elm kc-css-800466\">\n                        <figure>\n                             <img src=\"https:\/\/umram.bilkent.edu.tr\/wp-content\/uploads\/2026\/03\/WhatsApp-Image-2025-07-25-at-12.03.04-e1774955040528.jpeg\" class=\"img-responsive\" alt=\"\" loading=\"lazy\" \/>\n                            <figcaption><a href=\"https:\/\/umram.bilkent.edu.tr\/index.php\/teams\/furkan-biyik\/\"><h3 class=\"fig-title\">Furkan B\u0131y\u0131k<\/h3><\/a><div class=\"fig-title-des\">Advisor: <a href=\"https:\/\/umram.bilkent.edu.tr\/index.php\/sciencex_teams\/ronny-rosner\/\">Ronny Rosner<\/a><\/div><div class=\"fig-meta\"><\/div>\n                            <\/figcaption>\n                        <\/figure><\/div>\n                <\/div><\/div><\/div><\/div><\/div><\/section>\n","protected":false},"excerpt":{"rendered":"","protected":false},"author":1,"featured_media":1908,"parent":0,"menu_order":0,"comment_status":"closed","ping_status":"closed","template":"","meta":[],"_links":{"self":[{"href":"https:\/\/umram.bilkent.edu.tr\/index.php\/wp-json\/wp\/v2\/pages\/3375"}],"collection":[{"href":"https:\/\/umram.bilkent.edu.tr\/index.php\/wp-json\/wp\/v2\/pages"}],"about":[{"href":"https:\/\/umram.bilkent.edu.tr\/index.php\/wp-json\/wp\/v2\/types\/page"}],"author":[{"embeddable":true,"href":"https:\/\/umram.bilkent.edu.tr\/index.php\/wp-json\/wp\/v2\/users\/1"}],"replies":[{"embeddable":true,"href":"https:\/\/umram.bilkent.edu.tr\/index.php\/wp-json\/wp\/v2\/comments?post=3375"}],"version-history":[{"count":1,"href":"https:\/\/umram.bilkent.edu.tr\/index.php\/wp-json\/wp\/v2\/pages\/3375\/revisions"}],"predecessor-version":[{"id":3376,"href":"https:\/\/umram.bilkent.edu.tr\/index.php\/wp-json\/wp\/v2\/pages\/3375\/revisions\/3376"}],"wp:featuredmedia":[{"embeddable":true,"href":"https:\/\/umram.bilkent.edu.tr\/index.php\/wp-json\/wp\/v2\/media\/1908"}],"wp:attachment":[{"href":"https:\/\/umram.bilkent.edu.tr\/index.php\/wp-json\/wp\/v2\/media?parent=3375"}],"curies":[{"name":"wp","href":"https:\/\/api.w.org\/{rel}","templated":true}]}}